38
Let i(p) = -2797*p**2 + 67130*p + 24. Determine i(24).
72
Let g(j) = -34*j**2 - 629*j + 412. Calculate g(-19).
89
Let m(z) = -z**3 + 108*z**2 - 17463*z + 1945147. Give m(110).
17
Let m(x) = 4*x**3 - 238*x**2 - 264*x + 7786. Determine m(60).
-854
Let b(m) = -22*m**2 - 36037*m + 72072. Determine b(2).
-90
Let z(f) = -37485*f - 1686835. Determine z(-45).
-10
Let m(l) = 32*l**3 + 45*l**2 + 28*l + 38. Give m(-1).
23
Let a(c) = 80*c**3 - 27*c**2 - 24*c + 1. Calculate a(-1).
-82
Let b(k) = -8*k**3 + 7*k**2 + 18*k - 34. Give b(5).
-769
Let a(v) = -1036*v + 198914. Give a(192).
2
Let o(h) = 91*h - 692. Calculate o(4).
-328
Let g(a) = a**3 + 89*a**2 + 2019*a + 1725. What is g(-44)?
9
Let h(x) = -2*x**3 + 14*x**2 + 901*x - 6289. Calculate h(7).
18
Let b(u) = -12566*u + 1507888. Calculate b(120).
-32
Let p(q) = -q**3 + 53*q**2 - 1655*q + 64531. Calculate p(47).
0
Let f(b) = 3*b**3 - 47*b**2 + 220*b - 13. Calculate f(10).
487
Let g(w) = -2*w**2 + 282*w + 522. What is g(143)?
-50
Let a(k) = -4*k**2 + 9572*k + 163181. Give a(-17).
-699
Let f(a) = -404363*a + 2426102. Give f(6).
-76
Let q(f) = -1694*f - 15686. Determine q(-9).
-440
Let d(r) = 1324*r + 5288. Calculate d(-4).
-8
Let o(p) = 3*p**2 - 143*p + 552. What is o(4)?
28
Let v(c) = 3554*c + 120602. Calculate v(-34).
-234
Let n(o) = -3*o**3 - 3872*o**2 + 13135*o + 252331. Give n(-1294).
1
Let o(v) = 65791*v + 394774. Calculate o(-6).
28
Let t(u) = -18889*u + 226672. What is t(12)?
4
Let d(s) = 1915*s + 5815. Calculate d(-3).
70
Let t(b) = -b**2 + 5081*b + 45769. Calculate t(-9).
-41
Let l(v) = 20705*v - 1138752. What is l(55)?
23
Let b(v) = v**3 - 432*v**2 + 30999*v + 10905. Give b(341).
-7
Let o(v) = -v**3 - 1181*v**2 - 14026*v + 2326. Give o(-1169).
-12
Let v(w) = -217*w - 1093. Determine v(-7).
426
Let o(w) = -3*w**2 - 595*w - 10377. Give o(-179).
5
Let t(v) = 25*v**2 + 189*v - 17. Give t(-6).
-251
Let b(f) = 114*f - 15166. Give b(132).
-118
Let j(f) = 4644679*f - 4644680. Give j(1).
-1
Let w(h) = -360*h - 26618. Calculate w(-73).
-338
Let j(t) = -7*t**2 - 4119*t + 24658. Determine j(6).
-308
Let o(c) = 581*c + 18044. Calculate o(-31).
33
Let p(w) = w**3 + 6*w**2 - 2587*w - 15518. Give p(-6).
4
Let q(l) = -l**3 - 166*l**2 + 336*l - 1835. Determine q(-168).
-1835
Let o(x) = -x**3 - 112*x**2 + 260*x + 17025. Determine o(-113).
414
Let l(m) = -10*m**2 + 1198*m - 908. What is l(119)?
44
Let a(p) = 167604*p - 1005693. Determine a(6).
-69
Let s(b) = -3*b**3 - 12*b**2 - 6*b - 95. Give s(-6).
157
Let j(r) = -r**3 + 126*r**2 + 3961*r - 1411. Calculate j(152).
-43
Let b(a) = -13*a**3 - 6*a**2 + 21*a - 41. Give b(3).
-383
Let t(k) = 1168*k - 25313. What is t(21)?
-785
Let f(g) = 2691*g + 2429954. What is f(-903)?
-19
Let m(h) = -35*h**2 - 2211*h - 394. Determine m(-63).
-16
Let d(n) = -n**3 + 261*n**2 - 16572*n + 994. Give d(152).
386
Let k(l) = l**2 - 2772*l + 274924. Calculate k(103).
17
Let a(c) = c**3 - 193*c**2 + 2335*c + 1348. Calculate a(180).
448
Let r(t) = 37*t**3 - 6328*t**2 + 176*t - 851. Determine r(171).
4
Let b(c) = -c**2 + 1842*c - 34650. Give b(19).
-13
Let l(w) = -w**3 - 43*w**2 + 751*w - 2664. Calculate l(-57).
15
Let y(z) = -533*z**3 - 4*z**2 + 16*z + 33. What is y(-2)?
4249
Let j(a) = -a**3 - 55*a**2 + 1497*a - 195. Calculate j(-75).
30
Let i(c) = -3*c**2 - 7979*c - 31921. Calculate i(-4).
-53
Let w(a) = -2*a**3 + 42*a**2 + 12*a - 183. What is w(21)?
69
Let h(m) = 16*m + 1162. Calculate h(-72).
10
Let u(o) = 22*o**2 + 2700*o - 170743. Determine u(46).
9
Let a(u) = -u**3 + 8*u**2 - 3*u - 9. Calculate a(10).
-239
Let q(i) = 2*i**2 - 136*i + 1904. Calculate q(48).
-16
Let b(l) = -l**3 - 60*l**2 - 749*l - 77. Determine b(-18).
-203
Let g(y) = -1424*y + 2862. Give g(2).
14
Let u(j) = -j**2 + 24*j + 3523. What is u(68)?
531
Let x(u) = u**2 + 90*u - 249. Give x(-93).
30
Let k(i) = -1672*i + 7980. Determine k(6).
-2052
Let d(h) = h**3 + 28*h**2 + 178*h + 56. Calculate d(-10).
76
Let x(h) = 19*h**2 + 2219*h - 549. Calculate x(-116).
-2289
Let k(m) = 71205*m - 427251. Calculate k(6).
-21
Let m(y) = 2369*y - 213367. Determine m(90).
-157
Let i(f) = -7700*f - 99991. Give i(-13).
109
Let k(z) = 158462*z + 3010786. What is k(-19)?
8
Let z(i) = i**3 - 14*i**2 - 415*i + 5041. What is z(12)?
-227
Let c(p) = -p**3 + 147*p**2 - 2874*p + 300. What is c(124)?
-2428
Let a(s) = 2*s**3 + 59*s**2 + 186*s - 3372. Determine a(-14).
100
Let n(j) = -j**2 + 781*j - 140939. Determine n(283).
-5
Let d(g) = 7*g**2 - 66*g - 3149. Determine d(-17).
-4
Let i(j) = -819*j - 238277. Give i(-290).
-767
Let t(n) = 3910*n + 23252. What is t(-6)?
-208
Let y(g) = 50*g**2 - 46*g - 77. Determine y(-3).
511
Let n(v) = -2*v**3 + 10*v**2 - 94*v - 503. Give n(-5).
467
Let w(j) = 30*j**2 + 687*j + 4107. Determine w(-6).
1065
Let c(b) = -772*b**2 + 106535*b + 117. Give c(138).
-21
Let t(h) = h**2 - 105*h - 22946. What is t(213)?
58
Let i(l) = -5105*l + 1204787. Determine i(236).
7
Let u(b) = 53*b - 220. What is u(16)?
628
Let m(w) = 203182*w - 2031786. Determine m(10).
34
Let q(s) = -34062*s - 102066. Determine q(-3).
120
Let p(s) = 5*s**3 + 45*s**2 + 189*s - 48. What is p(-5)?
-493
Let k(m) = 139308*m - 3482698. What is k(25)?
2
Let f(z) = 3*z**2 - 216*z - 1678. Calculate f(-8).
242
Let b(r) = -2*r**3 - 8*r**2 - 10116*r - 50564. Calculate b(-5).
66
Let a(g) = -8*g**2 - 495*g - 959. Determine a(-63).
-1526
Let u(f) = 5124533*f - 15373594. What is u(3)?
5
Let i(z) = z**2 + 13028*z - 52126. Give i(4).
2
Let j(t) = -438*t + 19765. Give j(45).
55
Let v(h) = -937*h**3 + 25*h**2 - 23*h - 1. Give v(1).
-936
Let b(q) = 2*q**2 + 32*q - 205. Give b(3).
-91
Let b(g) = g**2 - 538*g - 2172. Give b(-4).
-4
Let y(w) = 9981*w - 209599. Give y(21).
2
Let b(a) = -769026*a - 23839801. Calculate b(-31).
5
Let r(m) = 3575*m - 228836. Determine r(64).
-36
Let j(z) = 4*z**2 + 1139*z + 37234. What is j(-247)?
-63
Let u(j) = -1522*j**3 - j**2 + 197*j - 195. Give u(1).
-1521
Let p(c) = c**3 + 15*c**2 - 113*c - 1538. What is p(-15)?
157
Let y(v) = -v**3 - 13*v**2 + 708*v - 5. Determine y(-34).
199
Let z(l) = 88*l**2 - 79*l + 4. What is z(-2)?
514
Let m(x) = 279*x - 7134. Calculate m(27).
399
Let x(g) = g**3 - 7449*g**2 + 494605*g - 701. Give x(67).
36
Let f(n) = 5*n**2 + 498*n + 1331. What is f(-97)?
70
Let m(t) = -4*t**2 + 1106*t - 6580. Calculate m(6).
-88
Let d(s) = -s**3 - 20*s**2 - 134*s + 1. What is d(-10)?
341
Let m(b) = -10*b**2 - 1031*b + 14407. Give m(14).
-1987
Let n(p) = -1238*p + 96483. Determine n(78).
-81
Let a(s) = -2*s**2 + 2385*s + 329415. Determine a(-125).
40
Let y(v) = 5*v**3 - 8*v**2 - 146*v - 4. Calculate y(-4).
132
Let y(x) = -41*x**3 + 25*x**2 - 22*x + 24. Give y(4).
-2288
Let l(i) = 61888*i + 23703084. Determine l(-383).
-20
Let a(m) = 5979*m - 53803. Determine a(9).
8
Let k(h) = -266*h**2 + 2689*h - 5667. What is k(3)?
6
Let m(p) = -7*p**3 - 1642*p**2 + 649*p - 13197. Calculate m(-235).
-37
Let l(d) = d**3 - 7*d**2 + 74*d - 120. Determine l(2).
8
Let k(z) = 1605*z**2 - 73839*z + 408. Calculate k(46).
-6
Let y(x) = -x**3 - 107*x**2 + 447*x + 294. Determine y(-111).
-39
Let r(q) = -3*q**3 + 50*q**2 - 3545*q + 65179. Determine r(18).
73
Let g(m) = 994*m - 51232. Calculate g(51).
-538
Let o(l) = -2*l**3 - 242*l**2 - 268*l - 3219. Give o(-120).
141
Let x(u) = u**3 - 149*u**2 - 364*u + 54998. Calculate x(149).
762
Let a(t) = -2*t**3 + 627*t**2 - 12288*t + 59. Give a(21).
-4
Let f(l) = -3*l**2 - 100*l - 1200. Give f(-36).
-1488
Let y(s) = -2*s**2 - 105*s - 40. Calculate y(-54).
-202
Let q(j) = 2499*j - 149940. Determine q(60).
0
Let w(a) = 13*a**3 + 208*a**2 - 128*a - 1955. What is w(-16)?
93
Let a(j) = 122*j - 230. Calculate a(-28).
-3646
Let h(w) = -17*w**2 - 192*w - 35. Give h(-13).
-412
Let d(w) = -1048*w + 7109. Calculate d(6).
821
Let w(r) = -6*r**2 - 1330*r - 61578. What is w(-66)?
66
Let j(z) = -267*z**2 - 975*z - 525. Determine j(-3).
-3
Let h(i) = -2959*i + 79599. What is h(27)?
-294
Let l(o) = 12845*o + 1053417. What is l(-82)?
127
Let q(a) = 683*a + 43823. Determine q(-58).
4209
Let c(y) = -27*y**2 - 498*y - 177. What is c(-18)?
39
Let j(p) = -26*p**2 + 1958*p - 12912. Give j(68).
8
Let w(i) = 24*i**2 + 1101*i + 6493. Give w(-7).
-38
Let t(q) = -q**2 - 30*q + 105. What is t(-32)?
41
Let c(f) = 3*f**2 - 1359*f - 223105. Give c(-128)